{"id":24439,"date":"2025-01-13T14:40:09","date_gmt":"2025-01-13T14:40:09","guid":{"rendered":"https:\/\/takayama-site.com\/?page_id=24439"},"modified":"2025-12-04T14:33:54","modified_gmt":"2025-12-04T14:33:54","slug":"comite-scientifique","status":"publish","type":"page","link":"https:\/\/takayama-site.com\/dialyse\/comite-scientifique\/","title":{"rendered":"Comit\u00e9 Scientifique"},"content":{"rendered":"\t\t<div data-elementor-type=\"wp-page\" data-elementor-id=\"24439\" class=\"elementor elementor-24439\">\n\t\t\t\t<div class=\"elementor-element elementor-element-be9c2ea e-flex e-con-boxed e-con e-parent\" data-id=\"be9c2ea\" data-element_type=\"container\" data-e-type=\"container\">\n\t\t\t\t\t<div class=\"e-con-inner\">\n\t\t\t\t<div class=\"elementor-element elementor-element-0867c28 elementor-widget elementor-widget-text-editor\" data-id=\"0867c28\" data-element_type=\"widget\" data-e-type=\"widget\" data-widget_type=\"text-editor.default\">\n\t\t\t\t\t\t\t\t\t<p><em><strong>Belkacem Issad, <\/strong>Pr\u00e9sident, Sorbonne Universit\u00e9, Paris<br \/><strong>David Attaf<\/strong>, GHT Chartres<br \/><strong>Bert Bammens<\/strong>, UZ Leuven<br \/><strong>Cecile Courivaud,<\/strong> Centre Hospitalier Universitaire H\u00f4pital Jean Minjoz, Besan\u00e7on<br \/><strong>Ariane Duval-Sabatier,<\/strong> Assistance Publique H\u00f4pitaux de Marseille<br \/><strong>Marion F\u00e9ricot, <\/strong>CHU de Lille<br \/><\/em><em><strong>Karlien Fran\u00e7ois<\/strong>, Vrije Universiteit Brussel<br \/><strong>Hafedh Fessi,<\/strong> Association Aura, Paris<br \/><strong>Eric Goffin,<\/strong> Universit\u00e9 St Luc Bruxelles<br \/><strong>Melanie Hanoy, <\/strong>CHU de Rouen<br \/><strong>Fran\u00e7oise Heibel<\/strong>, CHU de Strasbourg<br \/><strong>Thierry Lobbedez,<\/strong> CHU de Caen Normandie<br \/><strong>Guy Rostoker,<\/strong> H\u00f4pital Priv\u00e9 Claude Galien<br \/><\/em><em><strong>Natalia Target,<\/strong> Association ECHO, Pays de la Loire<\/em><br \/><em><strong>Philippe Zaoui, <\/strong>CHU Grenoble Alpes<br \/><\/em><\/p>\t\t\t\t\t\t\t\t<\/div>\n\t\t\t\t\t<\/div>\n\t\t\t\t<\/div>\n\t\t\t\t<\/div>\n\t\t","protected":false},"excerpt":{"rendered":"<p>Belkacem Issad, Pr\u00e9sident, Sorbonne Universit\u00e9, ParisDavid Attaf, GHT ChartresBert Bammens, UZ LeuvenCecile Courivaud, Centre Hospitalier Universitaire H\u00f4pital Jean Minjoz, Besan\u00e7onAriane Duval-Sabatier, Assistance [&hellip;]<\/p>\n","protected":false},"author":1,"featured_media":0,"parent":0,"menu_order":0,"comment_status":"closed","ping_status":"closed","template":"","meta":{"_acf_changed":false,"footnotes":""},"class_list":["post-24439","page","type-page","status-publish","hentry"],"acf":[],"rttpg_featured_image_url":null,"rttpg_author":{"display_name":"takayama","author_link":"https:\/\/takayama-site.com\/dialyse\/author\/takayama\/"},"rttpg_comment":0,"rttpg_category":null,"rttpg_excerpt":"Belkacem Issad, Pr\u00e9sident, Sorbonne Universit\u00e9, ParisDavid Attaf, GHT ChartresBert Bammens, UZ LeuvenCecile Courivaud, Centre Hospitalier Universitaire H\u00f4pital Jean Minjoz, Besan\u00e7onAriane Duval-Sabatier, Assistance [&hellip;]","_links":{"self":[{"href":"https:\/\/takayama-site.com\/dialyse\/wp-json\/wp\/v2\/pages\/24439","targetHints":{"allow":["GET"]}}],"collection":[{"href":"https:\/\/takayama-site.com\/dialyse\/wp-json\/wp\/v2\/pages"}],"about":[{"href":"https:\/\/takayama-site.com\/dialyse\/wp-json\/wp\/v2\/types\/page"}],"author":[{"embeddable":true,"href":"https:\/\/takayama-site.com\/dialyse\/wp-json\/wp\/v2\/users\/1"}],"replies":[{"embeddable":true,"href":"https:\/\/takayama-site.com\/dialyse\/wp-json\/wp\/v2\/comments?post=24439"}],"version-history":[{"count":104,"href":"https:\/\/takayama-site.com\/dialyse\/wp-json\/wp\/v2\/pages\/24439\/revisions"}],"predecessor-version":[{"id":25747,"href":"https:\/\/takayama-site.com\/dialyse\/wp-json\/wp\/v2\/pages\/24439\/revisions\/25747"}],"wp:attachment":[{"href":"https:\/\/takayama-site.com\/dialyse\/wp-json\/wp\/v2\/media?parent=24439"}],"curies":[{"name":"wp","href":"https:\/\/api.w.org\/{rel}","templated":true}]}}